{"id":18,"date":"2026-04-22T13:31:55","date_gmt":"2026-04-22T13:31:55","guid":{"rendered":"https:\/\/www.staging.seutter-schaltanlagen.de\/?page_id=18"},"modified":"2026-04-23T08:48:55","modified_gmt":"2026-04-23T08:48:55","slug":"impressum","status":"publish","type":"page","link":"https:\/\/www.staging.seutter-schaltanlagen.de\/?page_id=18","title":{"rendered":"Impressum"},"content":{"rendered":"\t\t<div data-elementor-type=\"wp-page\" data-elementor-id=\"18\" class=\"elementor elementor-18\">\n\t\t\t\t<div class=\"elementor-element elementor-element-76aff59 e-flex e-con-boxed e-con e-parent\" data-id=\"76aff59\" data-element_type=\"container\" data-e-type=\"container\">\n\t\t\t\t\t<div class=\"e-con-inner\">\n\t\t\t\t<div class=\"elementor-element elementor-element-1a16478 elementor-widget elementor-widget-image\" data-id=\"1a16478\" data-element_type=\"widget\" data-e-type=\"widget\" data-widget_type=\"image.default\">\n\t\t\t\t\t\t\t\t\t\t\t\t\t\t\t\t<a href=\"\/\">\n\t\t\t\t\t\t\t<img decoding=\"async\" width=\"190\" height=\"155\" src=\"https:\/\/www.staging.seutter-schaltanlagen.de\/wp-content\/uploads\/2026\/04\/seutter_logo_trimed_b.png\" class=\"attachment-large size-large wp-image-89\" alt=\"\" \/>\t\t\t\t\t\t\t\t<\/a>\n\t\t\t\t\t\t\t\t\t\t\t\t\t\t\t<\/div>\n\t\t\t\t<div class=\"elementor-element elementor-element-390dbff elementor-widget elementor-widget-heading\" data-id=\"390dbff\" data-element_type=\"widget\" data-e-type=\"widget\" data-widget_type=\"heading.default\">\n\t\t\t\t\t<h1 class=\"elementor-heading-title elementor-size-default\">Impressum<\/h1>\t\t\t\t<\/div>\n\t\t\t\t<div class=\"elementor-element elementor-element-ce9f828 elementor-widget elementor-widget-heading\" data-id=\"ce9f828\" data-element_type=\"widget\" data-e-type=\"widget\" data-widget_type=\"heading.default\">\n\t\t\t\t\t<h2 class=\"elementor-heading-title elementor-size-default\">Angaben gem\u00e4\u00df $ 5 TMG<\/h2>\t\t\t\t<\/div>\n\t\t\t\t<div class=\"elementor-element elementor-element-7fe8b45 elementor-widget elementor-widget-text-editor\" data-id=\"7fe8b45\" data-element_type=\"widget\" data-e-type=\"widget\" data-widget_type=\"text-editor.default\">\n\t\t\t\t\t\t\t\t\t<div class=\"scriptor-paragraph\">Seutter Schaltanlagen<\/div><div class=\"scriptor-paragraph\">Lise-Meitner-Stra\u00dfe 2<\/div><div class=\"scriptor-paragraph\">73529 Schw\u00e4bisch Gm\u00fcnd<\/div><div class=\"scriptor-paragraph\">Telefon: +49 (0) 7171 182790<\/div><div class=\"scriptor-paragraph\">E-Mail: seutter@seutter-schaltanlagen.de<\/div><div class=\"scriptor-paragraph\">Gesch\u00e4ftsf\u00fchrung:<\/div><div class=\"scriptor-paragraph\">Maryana Seutter<\/div><div class=\"scriptor-paragraph\">Umsatzsteuer-ID:<\/div><div class=\"scriptor-paragraph\">USt-IdNr. gem\u00e4\u00df \u00a7 27 a Umsatzsteuergesetz:<\/div><div class=\"scriptor-paragraph\">DE239656876<\/div><p><br class=\"scriptor-paragraph\" \/><br class=\"scriptor-paragraph\" \/><\/p><div class=\"scriptor-paragraph\">Verantwortlich f\u00fcr den Inhalt nach \u00a7 18 Abs. 2 MStV:<\/div><div class=\"scriptor-paragraph\">Maryana Seutter<\/div><p><br class=\"scriptor-paragraph\" \/><br class=\"scriptor-paragraph\" \/><\/p><div class=\"scriptor-paragraph\">Hinweis zur Online-Streitbeilegung (OS):<\/div><div class=\"scriptor-paragraph\">Die Europ\u00e4ische Kommission stellt eine Plattform zur Online-Streitbeilegung (OS) bereit:<\/div><div class=\"scriptor-paragraph\">https:\/\/ec.europa.eu\/consumers\/odr\/<\/div><p><br class=\"scriptor-paragraph\" \/><br class=\"scriptor-paragraph\" \/><\/p><div class=\"scriptor-paragraph\">Verbraucherstreitbeilegung:<\/div><div class=\"scriptor-paragraph\">Der Anbieter nimmt nicht an einem Streitbeilegungsverfahren vor einer Verbraucherschlichtungsstelle teil.<\/div><p><br class=\"scriptor-paragraph\" \/><br class=\"scriptor-paragraph\" \/><\/p><div class=\"scriptor-paragraph\">Kontakt \/ Beschwerden:<\/div><div class=\"scriptor-paragraph\">Bei Fragen, Reklamationen oder Beanstandungen erreichen Sie uns per E-Mail unter<\/div><div class=\"scriptor-paragraph\">seutter@seutter-schaltanlagen.de<\/div><p><br class=\"scriptor-paragraph\" \/><br class=\"scriptor-paragraph\" \/><\/p><div class=\"scriptor-paragraph\">Haftung f\u00fcr Links:<\/div><div class=\"scriptor-paragraph\">Trotz sorgf\u00e4ltiger inhaltlicher Kontrolle \u00fcbernehmen wir keine Haftung f\u00fcr die Inhalte externer Links.<\/div><div class=\"scriptor-paragraph\">F\u00fcr den Inhalt der verlinkten Seiten sind ausschlie\u00dflich deren Betreiber verantwortlich.<!--ScriptorEndFragment--><\/div>\t\t\t\t\t\t\t\t<\/div>\n\t\t\t\t\t<\/div>\n\t\t\t\t<\/div>\n\t\t\t\t<\/div>\n\t\t","protected":false},"excerpt":{"rendered":"<p>Impressum Angaben gem\u00e4\u00df $ 5 TMG Seutter SchaltanlagenLise-Meitner-Stra\u00dfe 273529 Schw\u00e4bisch Gm\u00fcndTelefon: +49 (0) 7171 182790E-Mail: seutter@seutter-schaltanlagen.deGesch\u00e4ftsf\u00fchrung:Maryana SeutterUmsatzsteuer-ID:USt-IdNr. gem\u00e4\u00df \u00a7 27 a Umsatzsteuergesetz:DE239656876 Verantwortlich f\u00fcr den Inhalt nach \u00a7 18 Abs. 2 MStV:Maryana Seutter Hinweis zur Online-Streitbeilegung (OS):Die Europ\u00e4ische Kommission stellt eine Plattform zur Online-Streitbeilegung (OS) bereit:https:\/\/ec.europa.eu\/consumers\/odr\/ Verbraucherstreitbeilegung:Der Anbieter nimmt nicht an einem Streitbeilegungsverfahren vor einer [&hellip;]<\/p>\n","protected":false},"author":1,"featured_media":0,"parent":0,"menu_order":0,"comment_status":"closed","ping_status":"closed","template":"elementor_canvas","meta":{"footnotes":""},"class_list":["post-18","page","type-page","status-publish","hentry"],"_links":{"self":[{"href":"https:\/\/www.staging.seutter-schaltanlagen.de\/index.php?rest_route=\/wp\/v2\/pages\/18","targetHints":{"allow":["GET"]}}],"collection":[{"href":"https:\/\/www.staging.seutter-schaltanlagen.de\/index.php?rest_route=\/wp\/v2\/pages"}],"about":[{"href":"https:\/\/www.staging.seutter-schaltanlagen.de\/index.php?rest_route=\/wp\/v2\/types\/page"}],"author":[{"embeddable":true,"href":"https:\/\/www.staging.seutter-schaltanlagen.de\/index.php?rest_route=\/wp\/v2\/users\/1"}],"replies":[{"embeddable":true,"href":"https:\/\/www.staging.seutter-schaltanlagen.de\/index.php?rest_route=%2Fwp%2Fv2%2Fcomments&post=18"}],"version-history":[{"count":34,"href":"https:\/\/www.staging.seutter-schaltanlagen.de\/index.php?rest_route=\/wp\/v2\/pages\/18\/revisions"}],"predecessor-version":[{"id":110,"href":"https:\/\/www.staging.seutter-schaltanlagen.de\/index.php?rest_route=\/wp\/v2\/pages\/18\/revisions\/110"}],"wp:attachment":[{"href":"https:\/\/www.staging.seutter-schaltanlagen.de\/index.php?rest_route=%2Fwp%2Fv2%2Fmedia&parent=18"}],"curies":[{"name":"wp","href":"https:\/\/api.w.org\/{rel}","templated":true}]}}